
1
What is the tens digit of 5823?
2
What is the units digit of 347?
7
What is the hundreds digit of 2813?
8
What is the thousands digit of 4288?
4
What is the hundreds digit of 7997?
9
What is the thousands digit of 6426?
6
What is the tens digit of 12597?
9
What is the hundreds digit of 5442?
4
What is the ten thousands digit of 10792?
1
What is the thousands digit of 2275?
2
What is the tens digit of 3519?
1
What is the hundreds digit of 41478?
4
What is the units digit of 17722?
2
What is the units digit of 22?
2
What is the tens digit of 2581?
8
What is the units digit of 1204?
4
What is the thousands digit of 179938?
9
What is the tens digit of 2032?
3
What is the units digit of 8815?
5
What is the tens digit of 998?
9
What is the thousands digit of 5153?
5
What is the units digit of 253?
3
What is the units digit of 1713?
3
What is the hundreds digit of 60225?
2
What is the hundreds digit of 87277?
2
What is the hundreds digit of 2606?
6
What is the tens digit of 21495?
9
What is the units digit of 45870?
0
What is the units digit of 807?
7
What is the thousands digit of 5550?
5
What is the hundreds digit of 349?
3
What is the tens digit of 196?
9
What is the tens digit of 1938?
3
What is the hundreds digit of 490?
4
What is the ten thousands digit of 22104?
2
What is the hundreds digit of 5585?
5
What is the thousands digit of 1682?
1
What is the tens digit of 2144?
4
What is the thousands digit of 165248?
5
What is the ten thousands digit of 33447?
3
What is the hundreds digit of 1327?
3
What is the units digit of 9387?
7
What is the hundreds digit of 1201?
2
What is the thousands digit of 1690?
1
What is the tens digit of 7658?
5
What is the tens digit of 628?
2
What is the units digit of 574?
4
What is the tens digit of 26?
2
What is the hundreds digit of 15713?
7
What is the hundreds digit of 13303?
3
What is the tens digit of 3090?
9
What is the hundreds digit of 3571?
5
What is the tens digit of 22308?
0
What is the tens digit of 4202?
0
What is the thousands digit of 4936?
4
What is the hundreds digit of 373?
3
What is the hundreds digit of 33134?
1
What is the thousands digit of 1545?
1
What is the hundreds digit of 10190?
1
What is the thousands digit of 1127?
1
What is the hundreds digit of 2274?
2
What is the thousands digit of 8620?
8
What is the thousands digit of 4673?
4
What is the tens digit of 123?
2
What is the units digit of 2969?
9
What is the hundred thousands digit of 100078?
1
What is the thousands digit of 4520?
4
What is the units digit of 351?
1
What is the hundreds digit of 318?
3
What is the tens digit of 18570?
7
What is the ten thousands digit of 14809?
1
What is the hundreds digit of 26617?
6
What is the thousands digit of 3581?
3
What is the hundreds digit of 43096?
0
What is the units digit of 34969?
9
What is the tens digit of 212?
1
What is the units digit of 52573?
3
What is the tens digit of 83?
8
What is the hundreds digit of 643?
6
What is the thousands digit of 64043?
4
What is the tens digit of 3953?
5
What is the units digit of 63266?
6
What is the tens digit of 16754?
5
What is the units digit of 3694?
4
What is the ten thousands digit of 43516?
4
What is the hundreds digit of 4039?
0
What is the hundreds digit of 6875?
8
What is the thousands digit of 12101?
2
What is the thousands digit of 3456?
3
What is the tens digit of 3249?
4
What is the ten thousands digit of 78173?
7
What is the ten thousands digit of 12460?
1
What is the ten thousands digit of 12652?
1
What is the units digit of 2053?
3
What is the tens digit of 2043?
4
What is the thousands digit of 6668?
6
What is the tens digit of 21506?
0
What is the hundreds digit of 10074?
0
What is the units digit of 20470?
0
What is the units digit of 1176?
6
What is the hundreds digit of 8086?
0
What is the ten thousands digit of 13029?
1
What is the units digit of 21706?
6
What is the tens digit of 15391?
9
What is the tens digit of 6297?
9
What is the units digit of 33645?
5
What is the ten thousands digit of 33668?
3
What is the units digit of 5334?
4
What is the tens digit of 72?
7
What is the units digit of 831?
1
What is the tens digit of 446?
4
What is the units digit of 1339?
9
What is the units digit of 9612?
2
What is the units digit of 618?
8
What is the tens digit of 1250?
5
What is the hundreds digit of 11725?
7
What is the ten thousands digit of 26594?
2
What is the tens digit of 128?
2
What is the units digit of 288?
8
What is the units digit of 60121?
1
What is the hundreds digit of 19507?
5
What is the tens digit of 5346?
4
What is the units digit of 4215?
5
What is the hundreds digit of 5736?
7
What is the hundreds digit of 29511?
5
What is the hundred thousands digit of 136867?
1
What is the units digit of 20948?
8
What is the thousands digit of 18219?
8
What is the hundreds digit of 4168?
1
What is the tens digit of 5013?
1
What is the tens digit of 1174?
7
What is the thousands digit of 13572?
3
What is the units digit of 652?
2
What is the tens digit of 917?
1
What is the ten thousands digit of 14640?
1
What is the units digit of 799?
9
What is the hundreds digit of 9423?
4
What is the units digit of 895?
5
What is the tens digit of 2527?
2
What is the ten thousands digit of 12161?
1
What is the units digit of 21587?
7
What is the tens digit of 18018?
1
What is the hundreds digit of 13040?
0
What is the thousands digit of 2183?
2
What is the tens digit of 2237?
3
What is the tens digit of 791?
9
What is the thousands digit of 1038?
1
What is the hundreds digit of 32692?
6
What is the units digit of 812?
2
What is the hundreds digit of 1010?
0
What is the hundreds digit of 887?
8
What is the tens digit of 596?
9
What is the tens digit of 188998?
9
What is the thousands digit of 13382?
3
What is the tens digit of 603?
0
What is the thousands digit of 2851?
2
What is the hundreds digit of 1718?
7
What is the tens digit of 74?
7
What is the units digit of 2432?
2
What is the tens digit of 7721?
2
What is the hundreds digit of 13633?
6
What is the units digit of 3917?
7
What is the units digit of 14549?
9
What is the units digit of 1862?
2
What is the units digit of 735?
5
What is the thousands digit of 19614?
9
What is the thousands digit of 10035?
0
What is the thousands digit of 36180?
6
What is the hundreds digit of 1741?
7
What is the ten thousands digit of 16932?
1
What is the hundreds digit of 27386?
3
What is the thousands digit of 1434?
1
What is the units digit of 1650?
0
What is the hundreds digit of 5921?
9
What is the tens digit of 24873?
7
What is the tens digit of 1322?
2
What is the hundreds digit of 1848?
8
What is the hundreds digit of 3454?
4
What is the thousands digit of 135304?
5
What is the tens digit of 254?
5
What is the hundreds digit of 79367?
3
What is the units digit of 221?
1
What is the units digit of 8550?
0
What is the hundreds digit of 39686?
6
What is the thousands digit of 2842?
2
What is the units digit of 473?
3
What is the units digit of 105984?
4
What is the units digit of 819?
9
What is the ten thousands digit of 80237?
8
What is the thousands digit of 4245?
4
What is the hundreds digit of 3140?
1
What is the ten thousands digit of 19089?
1
What is the hundreds digit of 371?
3
What is the tens digit of 53152?
5
What is the hundreds digit of 2497?
4
What is the units digit of 2504?
4
What is the hundreds digit of 2954?
9
What is the tens digit of 29805?
0
What is the tens digit of 2049?
4
What is the tens digit of 20785?
8
What is the hundreds digit of 113581?
5
What is the hundreds digit of 938?
9
What is the hundreds digit of 791?
7
What is the units digit of 788?
8
What is the units digit of 858?
8
What is the thousands digit of 5944?
5
What is the hundreds digit of 8215?
2
What is the thousands digit of 70910?
0
What is the tens digit of 3968?
6
What is the thousands digit of 7026?
7
What is the ten thousands digit of 75636?
7
What is the ten thousands digit of 18961?
1
What is the tens digit of 1988?
8
What is the units digit of 33913?
3
What is the hundreds digit of 1550?
5
What is the ten thousands digit of 42653?
4
What is the hundreds digit of 206?
2
What is the tens digit of 23279?
7
What is the units digit of 545?
5
What is the hundreds digit of 6311?
3
What is the thou